ded by 21 + ((-1005)/75 + 15)*(-5)/2?
11
Let t(i) = 3*i**2 - 95*i + 80. What is the remainder when 909 is divided by t(31)?
9
Let h(b) = -b**2 - 21*b + 158. Let v be h(-27). Let x(z) = -2 - 6*z**3 + 2*z**2 + 5*z + 4*z**3 + z**3. Calculate the remainder when x(v) is divided by 26.
22
Let q = -14 + -16. Let d = q + 35. Calculate the remainder when 18 is divided by d.
3
Suppose -t + 82 - 15 = 5*l, -3*l + 3*t = -51. Calculate the remainder when 39 is divided by l.
11
Let n = 24 - 22. What is the remainder when (205/15)/((-2)/(-12)) is divided by (n/2)/(7/196)?
26
Calculate the remainder when 64 is divided by (30/(-20) + 6/2)*4.
4
Let x(s) = -3*s**2 + 3*s + 3. Let a be x(-3). Suppose 2*w = 5*n - 117, 0*w - 108 = -4*n - 2*w. What is the remainder when n is divided by 6/15 - a/5?
4
Let m be (30/(-9))/((-3)/(-9)). Let q(x) = x**3 - 7*x**2 - 20*x + 5. What is the remainder when q(10) is divided by (-133)/(-5) + m/(-25)?
24
Let n = -966 + 1001. What is the remainder when n is divided by 35?
0
Let b = -13 - -23. Calculate the remainder when 12/(-28) + (-597)/(-21) is divided by b.
8
Let c(z) = z - 13. Let r(q) = 1. Let v(f) = -c(f) - 5*r(f). What is the remainder when 86 is divided by v(-10)?
14
Suppose 5*w = 3*w + 36. Let r = -12 + w. Calculate the remainder when (-159)/(-6) - 1/(-2) is divided by r.
3
Suppose 7*b = 3*l + 2*b - 52, 0 = l - 3*b - 20. What is the remainder when 262 is divided by l?
10
Let f(b) = -b**3 - 5*b**2 - b - 4. Let a = -24 + 19. Calculate the remainder when 12/(-15)*(-15)/6 is divided by f(a).
0
Let m(t) = t**3 - 6*t**2 - 4. Let b be m(4). Calculate the remainder when 54 is divided by 6*1*b/(-27).
6
Suppose -12*c + 420 = 240. What is the remainder when 24 is divided by c?
9
Let q(k) = 2*k - 15. Let t be q(12). Let s(g) = -g**2 + 9*g + 11. What is the remainder when 64 is divided by s(t)?
9
Let r(p) = 4 - 1 - 10*p + p**2 + 16. What is the remainder when 17 is divided by r(9)?
7
Let c(z) = z - 7. Let n be c(10). Suppose 0 = 4*w + n*w - 105. Calculate the remainder when 58 is divided by w.
13
Suppose 646*x - 328*x + 124 = 322*x. Calculate the remainder when x is divided by 3/9 - (-38)/3.
5
Suppose -23 = -5*d - 13. Suppose -f - 4*f - h = -139, d*f = -h + 55. What is the remainder when f is divided by 11?
6
Suppose 0 = i - 0 - 7. Suppose -325 = -i*g + 88. Calculate the remainder when g is divided by 12.
11
Suppose -1495 = -4*r + 5*g - 121, 2*g + 1380 = 4*r. Calculate the remainder when r is divided by 58.
56
Suppose 3*o = -2*o - 3*i + 572, -5*o + 576 = 4*i. Calculate the remainder when o is divided by 13.
8
Suppose y - 5 - 13 = 2*a, y = -3*a + 43. Let o = 170 + -115. Calculate the remainder when o is divided by y.
27
Suppose 0 = -0*c - 3*c + 30. Let l(r) = 4*r**2 - 4*r**2 - r**2 + 4 + 15*r - 5. What is the remainder when l(c) is divided by 13?
10
Suppose -2*c - 3*g = 12, 0 = -2*c - g + 4*g + 12. Suppose 5*p + 5*p - 960 = c. What is the remainder when p is divided by 25?
21
Let h(b) = b**2 - 6*b - 7. Let p be h(7). Suppose 0 = -2*i - p*i - x + 9, 10 = i - 5*x. Let j(f) = 5*f - 7. Calculate the remainder when j(6) is divided by i.
3
Let q(f) = -f**3 + 8*f**2 - 5*f + 17. Suppose 0 = -2*p - 2 - 0. Calculate the remainder when q(6) is divided by -2 + 2 - 20/p.
19
Suppose 203 + 7 = 7*h. What is the remainder when 62 is divided by h?
2
Let g(x) = -7*x + 262. Calculate the remainder when g(6) is divided by 8.
4
Let z = 20 - 17. Suppose -2*p = 2*y - 78, 36 = y - z*p + p. What is the remainder when y is divided by 10?
8
Suppose 3*d - 1 = 5*l - 10, 12 = 4*l - 4*d. Suppose 5*n - 5*r - 320 = l, n - 131 = -n - r. Let z = -14 - -31. Calculate the remainder when n is divided by z.
14
Let g(a) = -2*a + 60. Calculate the remainder when g(-12) is divided by 23.
15
Suppose 2*r = -4*m - 18, 0 = -2*r - 3 + 1. Let p = 474 + -421. What is the remainder when p is divided by (-2)/m + 54/4?
11
Let w(x) = -x - 16. Let v(d) = 2*d + 31. Let h(i) = 6*v(i) + 11*w(i). Suppose 2*z = -2*z + 188. Calculate the remainder when z is divided by h(6).
15
Suppose -6*r - 223 + 409 = 0. What is the remainder when 41 is divided by r?
10
Suppose -286 = -10*n + 224. What is the remainder when 156 is divided by n?
3
Suppose 28 = 4*h - 0*h. What is the remainder when h is divided by (16/4)/((-2)/(-3))?
1
Suppose -3*p - 21 = -c, 0 = 3*c + 3*p - 3 - 0. Let x(w) = 3*w**3 + w**2 - 2*w - 1. What is the remainder when x(2) is divided by (-45)/(-10)*8/c?
5
Let c(u) be the first derivative of -2*u**2 - 14*u - 8. Let k be c(-8). Let q = k + -7. What is the remainder when 30 is divided by q?
8
Let r(h) be the second derivative of h**3/6 + 29*h**2/2 + 12*h. What is the remainder when r(19) is divided by 14?
6
What is the remainder when 263 is divided by ((-10)/(-3))/(-5) - (-2720)/120?
21
Let q(b) = -b + 6. Let w be q(5). Suppose 4*p + 0 = -4. Calculate the remainder when 2 is divided by w/p + (-8 - -10).
0
Suppose -v + 5*v - 72 = -5*u, 112 = 4*v - 5*u. Suppose 0 = -3*j + o + 121, -5*j + o + 137 = -66. Calculate the remainder when j is divided by v.
18
Suppose -5*t = -247 + 62. Suppose 3*c = m + t, 4*c - 12 = -5*m + 31. What is the remainder when 47 is divided by c?
11
Let y = -13 - -28. Let w = -196 + 202. Calculate the remainder when y is divided by w.
3
Suppose 13*g - 11*g = -5*c + 77, -c - 152 = -5*g. Calculate the remainder when 213 is divided by g.
27
Suppose q + d - 2 - 2 = 0, -2*q = -d + 1. Let f be -5*(4 + -3)*-1. Suppose -4*s + 15 = u, f*s - 30 = -0*u - 5*u. What is the remainder when u is divided by q?
0
Let j(q) = -q**3 + 4*q**2 - q - 3. Let v be j(3). Suppose -20 = -v*d + 28. Suppose 0 = 4*b - 10*b + 186. Calculate the remainder when b is divided by d.
15
Suppose 0*w + 311 = 5*p - w, 119 = 2*p + 5*w. Suppose -4*d = -2*t - 136, 4*d = -80*t + 77*t + 156. Let b = p - d. What is the remainder when 76 is divided by b?
24
Let i(t) = t**3 + 10*t**2 + 10*t + 5. Let l be i(-9). Let m(f) = f**2 + f - 1. Suppose -575 = -25*b - 50. What is the remainder when b is divided by m(l)?
10
Suppose h = -3*w + 34, -h - 6*w = -w - 40. Suppose 5 = 16*t - 21*t. Calculate the remainder when h is divided by t + 3 - 10/(-2).
4
Suppose -3*q + 9 = 0, 0 = -2*a + 6*a + 4*q - 2176. Calculate the remainder when a is divided by 17.
14
Calculate the remainder when 438 is divided by 4*5*(0 - (-4 + 3)).
18
Suppose d + 7*x - 34 = 2*x, -4*x = 3*d - 47. Suppose -m + 3 = 0, 2*m - 342 = 5*h - 2*m. What is the remainder when d is divided by 1/6 + (-55)/h + 3?
1
Suppose 129 + 76 = 5*h. Let p be 0*5/(-10)*-1. Let i = 15 - p. Calculate the remainder when h is divided by i.
11
Let l be ((-13)/(-3))/(2/(-6)). Suppose 0*s - 45 = -s. Let q = l + s. Calculate the remainder when 93 is divided by q.
29
Suppose 144*s - 160 = 128*s. Suppose 2*j - 28 + 0 = 0. What is the remainder when j is divided by s?
4
Let x = 1557 - 438. What is the remainder when x is divided by 80?
79
Let j(v) = v + 1. Let y be j(8). Suppose -y*b - 32 = -13*b. Suppose p = -3*n + 92, 84 - 7 = 3*n - 2*p. Calculate the remainder when n is divided by b.
5
Let d be 14/(-21) + (-116)/(-3). Suppose -5*t = u - t - d, 4*u = 4*t + 52. What is the remainder when u is divided by 5?
3
Suppose -i - 10*j + 240 = -6*j, -5*j = 3*i - 713. Calculate the remainder when i is divided by 96.
44
Suppose 2*f - 44 - 340 = 0. Suppose -4*d - 12 + f = 0. Let v = -19 + d. Calculate the remainder when v is divided by 9.
8
Let d(p) = -7*p. Let n = -12 + 15. Let u be 0 + n*(1 - 3). Calculate the remainder when d(u) is divided by 22.
20
Let m = 29 - -2. What is the remainder when 91 is divided by m?
29
Suppose -6 = 4*j + 4*b - 26, b = 3*j + 5. What is the remainder when (-442)/(-11) + j - 56/308 is divided by 11?
7
Suppose -10*x + 1025 - 145 = 0. Suppose -t - 10 = -2*h - 45, -4*t - 4*h + 116 = 0. Calculate the remainder when x is divided by t.
26
Suppose -4*h = -5*w + 635, -128*h = -130*h - 10. What is the remainder when w is divided by 25?
23
Suppose 0 = h - 4*c - 155, -4*c = -4*h - 3*c + 695. Calculate the remainder when h is divided by 20.
15
Let w = -105 - -107. Suppose 0 = -5*v + 15, -w*v = i - v - 17. Calculate the remainder when i is divided by 10.
4
Let p = -27 + 41. Let r = 85 - p. What is the remainder when r is divided by 37?
34
Calculate the remainder when 14 is divided by 4/(-16